1. Calculate m(-18).
-11
Let m(x) = -x**3 + 88*x**2 - 269*x + 8349. Give m(86).
7
Let t(c) = c**3 + 16*c**2 + 21*c + 92. Determine t(-15).
2
Let p(s) = 3*s**2 + 136*s - 726. Give p(5).
29
Let i(c) = 12*c + 257. Calculate i(-14).
89
Let a(q) = q**3 + 12*q**2 + 24*q + 49. Give a(-10).
9
Let l(a) = 282*a - 33. Give l(0).
-33
Let f(k) = -k**2 - 149*k - 1764. Determine f(-13).
4
Let m(g) = -g**3 + 9*g**2 - 13*g + 26. Determine m(8).
-14
Let b(d) = 123*d + 11474. Give b(-93).
35
Let z(p) = p**3 - 20*p**2 + 62*p + 191. Give z(15).
-4
Let n(b) = b**2 + 10*b - 9. Determine n(1).
2
Let b(n) = -n**3 - 33*n**2 + 200*n - 55. Calculate b(5).
-5
Let k(s) = -2*s**3 - 22*s**2 - 15*s + 8. Give k(-9).
-181
Let n(d) = -d**2 - 24*d - 10. What is n(-22)?
34
Let n(g) = -8*g**3 + 43*g**2 - 16*g + 4. Give n(5).
-1
Let y(q) = -5409*q + 10799. Calculate y(2).
-19
Let u(y) = 3*y**2 - 137*y + 334. What is u(43)?
-10
Let o(l) = -4*l**3 - 1782*l**2 - 882*l + 3571. What is o(-445)?
11
Let v(t) = t**3 - 8*t**2 - 5*t - 1. What is v(6)?
-103
Let a(l) = l**3 + 87*l**2 + 488*l + 21. Calculate a(-6).
9
Let i(f) = 148*f**2 - 18*f - 19. What is i(-1)?
147
Let u(l) = l**3 - 29*l**2 - 54*l - 257. Determine u(31).
-9
Let b(l) = -20*l + 252. Calculate b(20).
-148
Let v(q) = -q**3 - 15*q**2 - 2*q - 21. What is v(-15)?
9
Let w(s) = -25*s + 307. Give w(13).
-18
Let i(d) = -9*d + 689. Determine i(-26).
923
Let w(n) = -27*n**2 - 334*n - 421. Calculate w(-11).
-14
Let f(w) = -w**3 - 6*w**2 - 13*w - 6. Give f(-4).
14
Let l(z) = z**3 + 54*z**2 + 605*z - 119. What is l(-38)?
-5
Let v(f) = -7*f**2 - 25657*f + 25658. Determine v(1).
-6
Let n(c) = 5*c**3 - 8*c**2 - 6*c + 25. Calculate n(3).
70
Let s(l) = 9*l**2 - 182*l + 340. Calculate s(18).
-20
Let s(w) = -4*w**2 - 255*w + 65. What is s(-64)?
1
Let r(k) = 3*k**2 + 391*k + 4595. Give r(-13).
19
Let r(f) = 1035*f + 6. Calculate r(0).
6
Let a(t) = -22*t**2 + 7*t + 7. Give a(-2).
-95
Let k(v) = 23*v + 75. Determine k(0).
75
Let p(h) = 376*h + 5651. Determine p(-15).
11
Let h(j) = -4*j**3 - 56*j**2 + 136*j + 1128. What is h(-15)?
-12
Let d(b) = 1853*b + 7422. What is d(-4)?
10
Let k(o) = -2*o**2 + 103*o + 49. What is k(52)?
-3
Let h(t) = 95*t**2 + 740*t + 2. What is h(-8)?
162
Let p(n) = 36*n - 28. Give p(4).
116
Let h(k) = -3868*k**2 + 23207*k + 10. Give h(6).
4
Let n(v) = v**2 + v - 23. Calculate n(6).
19
Let w(d) = -44*d + 638. Determine w(13).
66
Let t(y) = y**2 + 85*y + 598. Determine t(-76).
-86
Let m(p) = 50*p + 435. Give m(-30).
-1065
Let b(a) = -a**2 - 855*a - 40252. What is b(-50)?
-2
Let c(x) = -2*x**2 + 94*x - 1096. Determine c(26).
-4
Let a(x) = -331*x + 2309. Calculate a(7).
-8
Let o(d) = 27*d - 1731. Calculate o(66).
51
Let k(v) = 5*v**2 - 59*v + 143. Calculate k(9).
17
Let m(x) = 2*x**3 - 2*x**2 + 22*x - 39. What is m(2)?
13
Let y(v) = v**3 + 3*v - 1. Give y(0).
-1
Let j(w) = -187*w - 1053. Calculate j(-2).
-679
Let u(n) = -14*n - 1010. Determine u(-50).
-310
Let d(r) = r**3 - 30*r**2 + 12*r + 1861. Give d(27).
-2
Let r(x) = -2*x**3 - 8*x**2 - 17*x - 8. Give r(-2).
10
Let y(u) = -u**3 + 3*u**2 + 12*u - 3. Calculate y(6).
-39
Let j(v) = 108*v + 888. What is j(-8)?
24
Let i(n) = 28*n - 230. What is i(8)?
-6
Let a(p) = p**3 + 17*p**2 + 343*p + 5230. What is a(-16)?
-2
Let i(s) = 31*s**2 - 20*s + 16. Determine i(1).
27
Let f(b) = b**2 + 7*b + 12. Give f(-5).
2
Let c(k) = -42*k + 1338. What is c(32)?
-6
Let g(b) = 41*b + 249. Calculate g(-5).
44
Let v(x) = 183*x + 358. Calculate v(-2).
-8
Let t(x) = x**2 + 8699*x + 121589. Determine t(-14).
-1
Let w(i) = -i**2 - 2*i - 63. Calculate w(-13).
-206
Let k(p) = 13*p - 11. Determine k(11).
132
Let q(a) = -524*a + 2872. Calculate q(5).
252
Let f(c) = c**2 - 303*c - 1857. Calculate f(-6).
-3
Let g(n) = n**3 - 23*n**2 - 19*n + 903. Calculate g(22).
1
Let w(s) = 10*s**3 - 106*s**2 + 69*s - 14. Calculate w(10).
76
Let q(i) = -303*i + 12113. What is q(40)?
-7
Let w(n) = 8*n - 182. Determine w(21).
-14
Let c(s) = -2*s**2 - 116*s + 460. What is c(4)?
-36
Let l(x) = -3*x**3 + 13*x**2 - 15*x + 3. Calculate l(4).
-41
Let r(k) = k - 48. Calculate r(-11).
-59
Let l(r) = 2*r**2 - 3*r - 11. Give l(-3).
16
Let j(u) = 21*u**3 + 7*u + 3. Calculate j(-2).
-179
Let p(q) = -371*q - 3030. What is p(-8)?
-62
Let f(a) = a - 238. What is f(75)?
-163
Let x(k) = -40*k**2 - 14*k + 8. Give x(3).
-394
Let h(n) = -2*n**2 - 2056*n + 2058. Give h(1).
0
Let a(q) = -6*q**3 - 156*q**2 + 4*q + 116. What is a(-26)?
12
Let c(q) = 196*q**2 + 8*q - 7. What is c(1)?
197
Let k(y) = -2*y**3 + 69*y**2 - 51*y + 572. Determine k(34).
-6
Let p(q) = -55*q - 47. Give p(-1).
8
Let m(j) = -7*j**2 + 120*j - 121. What is m(1)?
-8
Let n(w) = 2*w**2 - w - 76. Calculate n(0).
-76
Let f(z) = -24*z - 55. Give f(-15).
305
Let h(g) = 2*g**2 - 16*g - 12. Calculate h(-6).
156
Let c(o) = o + 98. What is c(-20)?
78
Let l(m) = 66*m + 5989. Calculate l(-91).
-17
Let m(k) = 899*k + 6301. Calculate m(-7).
8
Let c(k) = -7*k**3 - 348*k**2 + 100*k - 22. Determine c(-50).
-22
Let p(q) = -3*q**3 - 6*q**2 + 17*q + 6. Calculate p(-3).
-18
Let b(f) = -2*f**3 - 41*f**2 - 29*f - 112. What is b(-20)?
68
Let q(j) = j**3 - 39*j**2 + 157*j + 1344. Calculate q(33).
-9
Let r(l) = l**2 + 310*l - 1887. What is r(6)?
9
Let f(l) = -77*l**2 + 684*l + 11. What is f(9)?
-70
Let j(t) = 7*t - 374. Calculate j(53).
-3
Let o(w) = 60*w - 1239. What is o(21)?
21
Let z(y) = y**2 + 199*y + 3914. Determine z(-22).
20
Let k(z) = 98*z + 651. Determine k(-10).
-329
Let c(i) = 4*i - 64. What is c(19)?
12
Let y(q) = q**3 - 7*q**2 + 111*q - 507. Determine y(5).
-2
Let u(r) = -r**2 + r + 33. Calculate u(8).
-23
Let s(p) = 5964*p + 5975. What is s(-1)?
11
Let b(j) = 2*j + 427. Give b(-29).
369
Let u(l) = l**3 - 2*l**2 + 3*l - 33. Give u(4).
11
Let i(b) = -49*b - 439. Determine i(-9).
2
Let m(w) = 30*w - 608. What is m(19)?
-38
Let y(q) = -q**3 - 284*q**2 - 20158*q + 280. Determine y(-140).
0
Let l(z) = 294*z**2 + 3510*z - 200. What is l(-12)?
16
Let i(m) = m**2 + 50*m - 158. Calculate i(-53).
1
Let m(g) = g**2 + g - 70. What is m(-7)?
-28
Let t(q) = q**3 - 6*q**2 - 32*q + 210. Determine t(8).
82
Let g(c) = -153*c - 1838. Determine g(-12).
-2
Let s(w) = -w**3 + 13*w**2 - 36*w - 20. What is s(12)?
-308
Let s(g) = -8*g - 88. Give s(-23).
96
Let l(g) = g**2 + 30*g - 305. What is l(8)?
-1
Let a(j) = -302*j - 9932. Determine a(-33).
34
Let s(o) = -861*o + 2584. Give s(3).
1
Let n(h) = -2*h**3 + 20*h**2 + 61*h - 607. Determine n(8).
137
Let z(v) = v**3 - 73*v**2 + 249*v + 1863. Determine z(69).
0
Let z(g) = 28*g - 856. Calculate z(47).
460
Let s(o) = o**2 + 77*o - 7707. Determine s(58).
123
Let w(p) = -2*p**3 + 50*p**2 + 50*p + 86. What is w(26)?
34
Let v(y) = -2*y**2 - 59*y - 60. What is v(-27)?
75
Let x(u) = -u**2 + 120*u + 164. Give x(118).
400
Let w(f) = 92*f**3 - 3*f**2 - 3*f + 5. Give w(1).
91
Let i(b) = 84*b + 2344. What is i(-28)?
-8
Let g(l) = 2*l**2 + 25*l - 3840. Calculate g(38).
-2
Let b(v) = 298*v + 571. Determine b(-2).
-25
Let v(j) = -j**3 - 20*j**2 + 46*j + 38. Give v(-22).
-6
Let c(y) = 16*y**2 + 316*y - 315. Calculate c(1).
17
Let f(t) = -14*t**2 + 34*t - 33. Give f(1).
-13
Let d(l) = 4*l - 195. Determine d(25).
-95
Let z(b) = 2*b**3 - 160*b**2 - 311*b - 1387. Calculate z(82).
7
Let w(k) = -k**2 - 206*k - 5437. Calculate w(-31).
-12
Let x(y) = 3*y**2 - 259*y - 137. Calculate x(87).
37
Let o(w) = -15*w**3 - 3*w**2 + 572*w + 572. Give o(-1).
12
Let h(v) = -2*v**3 + 22*v**2 - 12*v + 36. What is h(11)?
-96
Let y(j) = -2*j**3 - 29*j**2 - 24*j - 72. Determine y(-14).
68
Let j(r) = r**3 + 7*r**2 - 275*r - 2538. Determine j(-11).
3
Let p(g) = 3*g**2 - 17*g + 59. Calculate p(6).
65
Let t(a) = 2*a**2 + 34*a - 28. Determine t(-17).
-28
Let k(r) = r**3 - 16*r**2 + 36*r + 22. Calculate k(13).
-17
Let h(j) = 4*j**2 - 48*j - 24. Determine h(12).
-24
Let q(c) = -c**2 - 69*c - 982. Determine q(-51).
-64
Let s(u) = -101*u - 5. What is s(-1)?
96
Let b(h) = h**3 + 24*h**2 + 76*h - 82. Determine b(-20).
-2
Let a(t) = -t**3 - 25*t**2 - t + 48. Calculate a(0).
48
Let k(o) = -o**3 + 57*o**2 + 243*o + 50. What is k(61)?
-11
Let b(a) = 567*a + 21539. Calculate b(-38).
-7
Let z(r) = 7*r**3 + 224*r**2 - r - 16. Calculate z(-32).
16
Let r(z) = -303*z**2 + 914*z - 4. Determine r(3).
11
Let m(c) = 36*c + 3285. What is 